{"id":299,"date":"2024-06-12T21:32:18","date_gmt":"2024-06-13T03:32:18","guid":{"rendered":"https:\/\/atlapac.com.gt\/?page_id=299"},"modified":"2024-06-12T21:50:24","modified_gmt":"2024-06-13T03:50:24","slug":"terminos-y-condiciones","status":"publish","type":"page","link":"https:\/\/grupotoa.website\/stuff\/atlapac\/terminos-y-condiciones\/","title":{"rendered":"T\u00e9rminos y condiciones"},"content":{"rendered":"\t\t<div data-elementor-type=\"wp-page\" data-elementor-id=\"299\" class=\"elementor elementor-299\" data-elementor-post-type=\"page\">\n\t\t\t\t<div class=\"elementor-element elementor-element-bc53fbb e-flex e-con-boxed e-con e-parent\" data-id=\"bc53fbb\" data-element_type=\"container\">\n\t\t\t\t\t<div class=\"e-con-inner\">\n\t\t<div class=\"elementor-element elementor-element-444a3dc3 e-flex e-con-boxed e-con e-child\" data-id=\"444a3dc3\" data-element_type=\"container\">\n\t\t\t\t\t<div class=\"e-con-inner\">\n\t\t<div class=\"elementor-element elementor-element-267b3c84 e-flex e-con-boxed e-con e-child\" data-id=\"267b3c84\" data-element_type=\"container\">\n\t\t\t\t\t<div class=\"e-con-inner\">\n\t\t\t\t<div class=\"elementor-element elementor-element-1975bb42 elementor-invisible elementor-widget elementor-widget-heading\" data-id=\"1975bb42\" data-element_type=\"widget\" data-settings=\"{&quot;_animation&quot;:&quot;fadeInLeft&quot;}\" data-widget_type=\"heading.default\">\n\t\t\t\t<div class=\"elementor-widget-container\">\n\t\t\t\t\t<h1 class=\"elementor-heading-title elementor-size-default\">T\u00e9rminos y Condiciones<\/h1>\t\t\t\t<\/div>\n\t\t\t\t<\/div>\n\t\t\t\t\t<\/div>\n\t\t\t\t<\/div>\n\t\t<div class=\"elementor-element elementor-element-11ca8e3e elementor-hidden-tablet elementor-hidden-mobile e-flex e-con-boxed e-con e-child\" data-id=\"11ca8e3e\" data-element_type=\"container\">\n\t\t\t\t\t<div class=\"e-con-inner\">\n\t\t\t\t\t<\/div>\n\t\t\t\t<\/div>\n\t\t\t\t\t<\/div>\n\t\t\t\t<\/div>\n\t\t\t\t\t<\/div>\n\t\t\t\t<\/div>\n\t\t<div class=\"elementor-element elementor-element-1b17bcad e-con-full e-flex e-con e-parent\" data-id=\"1b17bcad\" data-element_type=\"container\">\n\t\t\t\t<div class=\"elementor-element elementor-element-74e3e1b4 elementor-invisible elementor-widget elementor-widget-image\" data-id=\"74e3e1b4\" data-element_type=\"widget\" data-settings=\"{&quot;_animation&quot;:&quot;fadeInUp&quot;}\" data-widget_type=\"image.default\">\n\t\t\t\t<div class=\"elementor-widget-container\">\n\t\t\t\t\t\t\t\t\t\t\t\t\t\t\t<img fetchpriority=\"high\" decoding=\"async\" width=\"1920\" height=\"564\" src=\"https:\/\/grupotoa.website\/stuff\/atlapac\/wp-content\/uploads\/2024\/06\/Atlapac-Source-Mapa-02-08.webp\" class=\"attachment-full size-full wp-image-301\" alt=\"\" srcset=\"https:\/\/grupotoa.website\/stuff\/atlapac\/wp-content\/uploads\/2024\/06\/Atlapac-Source-Mapa-02-08.webp 1920w, https:\/\/grupotoa.website\/stuff\/atlapac\/wp-content\/uploads\/2024\/06\/Atlapac-Source-Mapa-02-08-300x88.webp 300w, https:\/\/grupotoa.website\/stuff\/atlapac\/wp-content\/uploads\/2024\/06\/Atlapac-Source-Mapa-02-08-1024x301.webp 1024w, https:\/\/grupotoa.website\/stuff\/atlapac\/wp-content\/uploads\/2024\/06\/Atlapac-Source-Mapa-02-08-768x226.webp 768w, https:\/\/grupotoa.website\/stuff\/atlapac\/wp-content\/uploads\/2024\/06\/Atlapac-Source-Mapa-02-08-1536x451.webp 1536w\" sizes=\"(max-width: 1920px) 100vw, 1920px\" \/>\t\t\t\t\t\t\t\t\t\t\t\t\t\t\t<\/div>\n\t\t\t\t<\/div>\n\t\t\t\t<\/div>\n\t\t<div class=\"elementor-element elementor-element-104d5084 e-flex e-con-boxed e-con e-parent\" data-id=\"104d5084\" data-element_type=\"container\">\n\t\t\t\t\t<div class=\"e-con-inner\">\n\t\t<div class=\"elementor-element elementor-element-23686098 e-flex e-con-boxed e-con e-child\" data-id=\"23686098\" data-element_type=\"container\">\n\t\t\t\t\t<div class=\"e-con-inner\">\n\t\t<a class=\"elementor-element elementor-element-58db6a56 e-flex e-con-boxed elementor-invisible e-con e-child\" data-id=\"58db6a56\" data-element_type=\"container\" data-settings=\"{&quot;animation&quot;:&quot;fadeInLeft&quot;}\" href=\"https:\/\/grupotoa.website\/stuff\/atlapac\/comunicado-politica-de-seguridad\/\">\n\t\t\t\t\t<div class=\"e-con-inner\">\n\t\t\t\t<div class=\"elementor-element elementor-element-6548fbdb elementor-view-default elementor-widget elementor-widget-icon\" data-id=\"6548fbdb\" data-element_type=\"widget\" data-widget_type=\"icon.default\">\n\t\t\t\t<div class=\"elementor-widget-container\">\n\t\t\t\t\t\t\t<div class=\"elementor-icon-wrapper\">\n\t\t\t<div class=\"elementor-icon\">\n\t\t\t<svg xmlns=\"http:\/\/www.w3.org\/2000\/svg\" width=\"74\" height=\"74\" viewBox=\"0 0 74 74\" fill=\"none\"><path d=\"M60 62.5L52.5 67.5L49.5 66L44.5 62.5L39.5 56.5L37.5 50V43L44.5 39.5L52.5 36L60 39.5L67.5 43V48.5L65.5 56.5L60 62.5Z\" fill=\"#FDE217\"><\/path><path d=\"M49.3333 69.375H12.3333C10.2897 69.3726 8.33049 68.5596 6.88542 67.1146C5.44036 65.6695 4.62745 63.7103 4.625 61.6667V12.3333C4.62745 10.2897 5.44036 8.33048 6.88542 6.88542C8.33049 5.44036 10.2897 4.62745 12.3333 4.625H36.1675C37.1941 4.62569 38.2103 4.83049 39.157 5.22749C40.1037 5.62448 40.962 6.20576 41.682 6.9375L54.8448 20.4101C56.2567 21.8515 57.0457 23.7899 57.0417 25.8075V37.2929C57.0417 37.7018 56.8792 38.0939 56.5901 38.383C56.301 38.6722 55.9089 38.8346 55.5 38.8346C55.0911 38.8346 54.699 38.6722 54.4099 38.383C54.1208 38.0939 53.9583 37.7018 53.9583 37.2929V25.8075C53.959 24.5972 53.4852 23.4349 52.6387 22.57L39.4744 9.09583C39.043 8.65647 38.5284 8.30748 37.9606 8.06925C37.3928 7.83102 36.7832 7.70832 36.1675 7.70833H12.3333C11.1067 7.70833 9.93032 8.19561 9.06296 9.06296C8.19561 9.93032 7.70833 11.1067 7.70833 12.3333V61.6667C7.70833 62.8933 8.19561 64.0697 9.06296 64.937C9.93032 65.8044 11.1067 66.2917 12.3333 66.2917H49.3333C49.9149 66.2939 50.4912 66.1813 51.0292 65.9602C51.4074 65.8046 51.8319 65.8057 52.2093 65.9631C52.5868 66.1205 52.8862 66.4214 53.0418 66.7996C53.1974 67.1779 53.1964 67.6024 53.0389 67.9798C52.8815 68.3573 52.5806 68.6567 52.2024 68.8123C51.2922 69.1861 50.3173 69.3773 49.3333 69.375Z\" fill=\"black\"><\/path><path d=\"M54.8679 24.6667H44.7083C42.6647 24.6642 40.7055 23.8513 39.2604 22.4062C37.8154 20.9612 37.0024 19.0019 37 16.9583V6.64457C37 6.2357 37.1624 5.84357 37.4515 5.55445C37.7407 5.26533 38.1328 5.10291 38.5417 5.10291C38.9505 5.10291 39.3427 5.26533 39.6318 5.55445C39.9209 5.84357 40.0833 6.2357 40.0833 6.64457V16.9583C40.0833 18.1849 40.5706 19.3613 41.438 20.2287C42.3053 21.0961 43.4817 21.5833 44.7083 21.5833H54.8679C55.2768 21.5833 55.6689 21.7457 55.958 22.0349C56.2472 22.324 56.4096 22.7161 56.4096 23.125C56.4096 23.5339 56.2472 23.926 55.958 24.2151C55.6689 24.5042 55.2768 24.6667 54.8679 24.6667Z\" fill=\"black\"><\/path><path d=\"M52.4167 69.1499C51.8087 69.1507 51.2142 68.9709 50.7085 68.6335L45.7567 65.3312C42.5865 63.2234 39.9871 60.3639 38.1903 57.0077C36.3934 53.6515 35.4549 49.9028 35.4583 46.0958V43.4565C35.4613 42.7629 35.6971 42.0903 36.1279 41.5466C36.5586 41.0029 37.1595 40.6196 37.834 40.458C42.4126 39.1924 46.7683 37.2272 50.747 34.632C51.2449 34.3114 51.8245 34.1408 52.4167 34.1408C53.0088 34.1408 53.5885 34.3114 54.0863 34.632C58.0648 37.2276 62.4205 39.1927 66.9993 40.458C67.6739 40.6196 68.2747 41.0029 68.7054 41.5466C69.1362 42.0903 69.372 42.7629 69.375 43.4565V46.0958C69.3795 49.9038 68.4414 53.6538 66.6445 57.0111C64.8476 60.3685 62.2477 63.229 59.0767 65.3374L54.1264 68.6381C53.6197 68.9741 53.0246 69.1522 52.4167 69.1499ZM52.4167 37.222C48.1542 40.0026 43.486 42.1048 38.5787 43.4534L38.5417 46.0958C38.5379 49.3961 39.3509 52.6459 40.9081 55.5556C42.4653 58.4654 44.7184 60.9445 47.4664 62.7721L52.4167 66.0666L57.3669 62.7659C60.1141 60.9389 62.3666 58.4607 63.9238 55.5522C65.4809 52.6436 66.2944 49.395 66.2917 46.0958V43.4565C61.3722 42.1086 56.6916 40.006 52.4167 37.2236V37.222Z\" fill=\"black\"><\/path><path d=\"M50.875 55.5C50.4662 55.4999 50.0741 55.3374 49.785 55.0483L46.7017 51.965C46.4209 51.6742 46.2655 51.2848 46.269 50.8806C46.2725 50.4763 46.4347 50.0897 46.7205 49.8038C47.0063 49.518 47.393 49.3559 47.7972 49.3523C48.2014 49.3488 48.5909 49.5042 48.8816 49.785L50.875 51.7784L55.9517 46.7017C56.2425 46.4209 56.6319 46.2655 57.0361 46.269C57.4403 46.2725 57.827 46.4347 58.1129 46.7205C58.3987 47.0063 58.5608 47.393 58.5643 47.7972C58.5679 48.2014 58.4125 48.5909 58.1316 48.8816L51.965 55.0483C51.6759 55.3374 51.2839 55.4999 50.875 55.5Z\" fill=\"black\"><\/path><path d=\"M27.75 20.0417H15.4167C15.0078 20.0417 14.6157 19.8793 14.3265 19.5901C14.0374 19.301 13.875 18.9089 13.875 18.5C13.875 18.0911 14.0374 17.699 14.3265 17.4099C14.6157 17.1208 15.0078 16.9583 15.4167 16.9583H27.75C28.1589 16.9583 28.551 17.1208 28.8401 17.4099C29.1292 17.699 29.2917 18.0911 29.2917 18.5C29.2917 18.9089 29.1292 19.301 28.8401 19.5901C28.551 19.8793 28.1589 20.0417 27.75 20.0417Z\" fill=\"black\"><\/path><path d=\"M37 29.2917H15.4167C15.0078 29.2917 14.6157 29.1293 14.3265 28.8401C14.0374 28.551 13.875 28.1589 13.875 27.75C13.875 27.3411 14.0374 26.949 14.3265 26.6599C14.6157 26.3708 15.0078 26.2083 15.4167 26.2083H37C37.4089 26.2083 37.801 26.3708 38.0901 26.6599C38.3792 26.949 38.5417 27.3411 38.5417 27.75C38.5417 28.1589 38.3792 28.551 38.0901 28.8401C37.801 29.1293 37.4089 29.2917 37 29.2917Z\" fill=\"black\"><\/path><path d=\"M40.0833 38.5417H15.4167C15.0078 38.5417 14.6157 38.3793 14.3265 38.0901C14.0374 37.801 13.875 37.4089 13.875 37C13.875 36.5911 14.0374 36.199 14.3265 35.9099C14.6157 35.6208 15.0078 35.4583 15.4167 35.4583H40.0833C40.4922 35.4583 40.8843 35.6208 41.1735 35.9099C41.4626 36.199 41.625 36.5911 41.625 37C41.625 37.4089 41.4626 37.801 41.1735 38.0901C40.8843 38.3793 40.4922 38.5417 40.0833 38.5417Z\" fill=\"black\"><\/path><path d=\"M30.8333 47.7917H15.4167C15.0078 47.7917 14.6157 47.6293 14.3265 47.3401C14.0374 47.051 13.875 46.6589 13.875 46.25C13.875 45.8411 14.0374 45.449 14.3265 45.1599C14.6157 44.8708 15.0078 44.7083 15.4167 44.7083H30.8333C31.2422 44.7083 31.6343 44.8708 31.9235 45.1599C32.2126 45.449 32.375 45.8411 32.375 46.25C32.375 46.6589 32.2126 47.051 31.9235 47.3401C31.6343 47.6293 31.2422 47.7917 30.8333 47.7917Z\" fill=\"black\"><\/path><path d=\"M30.8333 57.0417H15.4167C15.0078 57.0417 14.6157 56.8793 14.3265 56.5901C14.0374 56.301 13.875 55.9089 13.875 55.5C13.875 55.0911 14.0374 54.699 14.3265 54.4099C14.6157 54.1208 15.0078 53.9583 15.4167 53.9583H30.8333C31.2422 53.9583 31.6343 54.1208 31.9235 54.4099C32.2126 54.699 32.375 55.0911 32.375 55.5C32.375 55.9089 32.2126 56.301 31.9235 56.5901C31.6343 56.8793 31.2422 57.0417 30.8333 57.0417Z\" fill=\"black\"><\/path><\/svg>\t\t\t<\/div>\n\t\t<\/div>\n\t\t\t\t\t\t<\/div>\n\t\t\t\t<\/div>\n\t\t\t\t<div class=\"elementor-element elementor-element-7938d69f elementor-widget elementor-widget-heading\" data-id=\"7938d69f\" data-element_type=\"widget\" data-widget_type=\"heading.default\">\n\t\t\t\t<div class=\"elementor-widget-container\">\n\t\t\t\t\t<p class=\"elementor-heading-title elementor-size-default\">Comunicado Pol\u00edtica de Seguridad<\/p>\t\t\t\t<\/div>\n\t\t\t\t<\/div>\n\t\t\t\t<div class=\"elementor-element elementor-element-238841e2 elementor-widget elementor-widget-text-editor\" data-id=\"238841e2\" data-element_type=\"widget\" data-widget_type=\"text-editor.default\">\n\t\t\t\t<div class=\"elementor-widget-container\">\n\t\t\t\t\t\t\t\t\t<p>Para\u00a0<strong>ATLAPAC<\/strong>, nuestros clientes son lo m\u00e1s importante, por lo tanto estamos reforzando nuestras pol\u00edticas de seguridad en todos los niveles de nuestra operaci\u00f3n para que Ud. tenga la confianza que su carga est\u00e1 siendo manejada de la mejor manera.<\/p>\t\t\t\t\t\t\t\t<\/div>\n\t\t\t\t<\/div>\n\t\t\t\t\t<\/div>\n\t\t\t\t<\/a>\n\t\t<a class=\"elementor-element elementor-element-40bac2c0 e-flex e-con-boxed elementor-invisible e-con e-child\" data-id=\"40bac2c0\" data-element_type=\"container\" data-settings=\"{&quot;animation&quot;:&quot;fadeInUp&quot;}\" href=\"https:\/\/grupotoa.website\/stuff\/atlapac\/politica-de-seguridad-integral-atlapac\/\">\n\t\t\t\t\t<div class=\"e-con-inner\">\n\t\t\t\t<div class=\"elementor-element elementor-element-f723df3 elementor-view-default elementor-widget elementor-widget-icon\" data-id=\"f723df3\" data-element_type=\"widget\" data-widget_type=\"icon.default\">\n\t\t\t\t<div class=\"elementor-widget-container\">\n\t\t\t\t\t\t\t<div class=\"elementor-icon-wrapper\">\n\t\t\t<div class=\"elementor-icon\">\n\t\t\t<svg xmlns=\"http:\/\/www.w3.org\/2000\/svg\" width=\"73\" height=\"70\" viewBox=\"0 0 73 70\" fill=\"none\"><path d=\"M42.5 27.5L36.5 32.5L33.5 30L28 26L24.5 21.5L24 15V9L29.5 6L36 1.5L37.5 3.5L43.5 7L48.5 8L49.5 11.5L48.5 18L47 23L42.5 27.5Z\" fill=\"#FDE217\"><\/path><path d=\"M72.1329 35.5674L66.1545 25.6034C65.9543 25.3244 65.6863 25.1051 65.3482 25.0254L49.0793 21.4885C49.7022 19.9792 50.0827 18.3461 50.0827 16.5934V9.32414C50.0827 8.04302 49.1318 6.97551 47.8708 6.84184C46.2314 6.66789 41.9162 5.69377 37.2751 0.420942C36.8014 -0.140358 35.864 -0.14027 35.3903 0.420942C30.7492 5.69377 26.434 6.66789 24.7946 6.84184C23.5337 6.97551 22.5827 8.04302 22.5827 9.32414V16.5934C22.5827 18.3462 22.9634 19.9793 23.5862 21.4886L7.31723 25.0254C6.97932 25.1046 6.7112 25.3246 6.51095 25.6034L0.532567 35.5674C-0.673258 37.4707 0.264241 40.2194 2.38193 40.9886L6.33273 42.5346V55.7902C6.33273 57.3448 7.26779 58.7156 8.71615 59.2826L35.8774 69.9107C36.1704 70.0254 36.4951 70.0254 36.7881 69.9107L63.9499 59.2826C65.3977 58.7156 66.3327 57.3448 66.3327 55.7902V42.5346L70.2835 40.9886C72.4012 40.2194 73.3387 37.4707 72.1329 35.5674ZM36.3327 3.08758C41.0166 7.9472 45.3562 9.08917 47.5827 9.32415V16.5934C47.5827 24.1337 38.6545 29.4981 36.3327 30.7652C34.0109 29.4981 25.0827 24.1337 25.0827 16.5934L25.0583 9.32843C27.3081 9.08917 31.6489 7.9472 36.3327 3.08758ZM24.7714 23.7893C28.4196 29.663 35.3909 33.1088 35.7883 33.3012C36.1319 33.4681 36.5335 33.4681 36.8772 33.3012C37.2746 33.1088 44.2461 29.6631 47.8942 23.7893L60.7761 26.5898L36.3327 36.1546L11.8894 26.5898L24.7714 23.7893ZM3.29255 38.6607C2.5879 38.4063 2.27113 37.4879 2.6761 36.8534L8.11128 27.7958L34.4998 38.1218L28.848 47.5419C28.533 48.0668 27.8916 48.2847 27.3203 48.0632L3.29255 38.6607ZM35.0827 66.9155L9.62739 56.9548C9.1446 56.7655 8.83272 56.3084 8.83272 55.7902V43.5129L26.4096 50.391C28.0841 51.0551 30.0449 50.4162 30.9915 48.8285L35.0827 42.0098V66.9155ZM63.8327 55.7902C63.8327 56.3084 63.5208 56.7655 63.0387 56.9548L37.5827 66.9155V42.0098L41.6739 48.8285C42.6206 50.4162 44.5813 51.0551 46.2558 50.391L63.8327 43.5129V55.7902ZM69.3729 38.6607L45.3452 48.0632C44.7739 48.2847 44.1324 48.0668 43.8175 47.5419L38.1656 38.1218L64.5542 27.7958L69.9893 36.8534C70.3943 37.4879 70.0775 38.4063 69.3729 38.6607ZM30.6833 18.831C30.1938 18.3439 30.1914 17.5529 30.6784 17.0628C31.1655 16.5745 31.9565 16.5715 32.446 17.0573L34.7373 19.3339L39.498 12.996C39.9118 12.4437 40.6979 12.3332 41.2485 12.7476C41.8002 13.162 41.9113 13.9457 41.4975 14.4975L35.8737 21.9835C35.4437 22.5831 34.5056 22.6506 33.9926 22.1196L30.6833 18.831Z\" fill=\"black\"><\/path><\/svg>\t\t\t<\/div>\n\t\t<\/div>\n\t\t\t\t\t\t<\/div>\n\t\t\t\t<\/div>\n\t\t\t\t<div class=\"elementor-element elementor-element-7faccc0d elementor-widget elementor-widget-heading\" data-id=\"7faccc0d\" data-element_type=\"widget\" data-widget_type=\"heading.default\">\n\t\t\t\t<div class=\"elementor-widget-container\">\n\t\t\t\t\t<p class=\"elementor-heading-title elementor-size-default\">Pol\u00edtica de Seguridad Integral ATLAPAC<\/p>\t\t\t\t<\/div>\n\t\t\t\t<\/div>\n\t\t\t\t<div class=\"elementor-element elementor-element-606c657e elementor-widget elementor-widget-text-editor\" data-id=\"606c657e\" data-element_type=\"widget\" data-widget_type=\"text-editor.default\">\n\t\t\t\t<div class=\"elementor-widget-container\">\n\t\t\t\t\t\t\t\t\t<p><strong>ATLAPAC<\/strong> se compromete a mantener la gesti\u00f3n y control de seguridad, cumpliendo con los est\u00e1ndares en materia de seguridad integral en la cadena de suministro, para prevenir y reconocer posibles amenazas.<\/p>\t\t\t\t\t\t\t\t<\/div>\n\t\t\t\t<\/div>\n\t\t\t\t\t<\/div>\n\t\t\t\t<\/a>\n\t\t<a class=\"elementor-element elementor-element-1e4c9c82 e-flex e-con-boxed elementor-invisible e-con e-child\" data-id=\"1e4c9c82\" data-element_type=\"container\" data-settings=\"{&quot;animation&quot;:&quot;fadeInRight&quot;}\" href=\"https:\/\/grupotoa.website\/stuff\/atlapac\/condiciones-de-prestacion-de-servicios-de-carga\/\">\n\t\t\t\t\t<div class=\"e-con-inner\">\n\t\t\t\t<div class=\"elementor-element elementor-element-436889d7 elementor-view-default elementor-widget elementor-widget-icon\" data-id=\"436889d7\" data-element_type=\"widget\" data-widget_type=\"icon.default\">\n\t\t\t\t<div class=\"elementor-widget-container\">\n\t\t\t\t\t\t\t<div class=\"elementor-icon-wrapper\">\n\t\t\t<div class=\"elementor-icon\">\n\t\t\t<svg xmlns=\"http:\/\/www.w3.org\/2000\/svg\" width=\"84\" height=\"84\" viewBox=\"0 0 84 84\" fill=\"none\"><path d=\"M60 59.5H31L28.5 55L24.5 53.5L20 54.5L16.5 59.5L7 58V17H60V59.5Z\" fill=\"#FDE217\"><\/path><path d=\"M78.1197 37.958L75.9444 29.2569C76.5391 29.1306 76.9853 28.603 76.9853 27.9708V26.5679C76.9853 23.522 74.5072 21.044 71.4614 21.044H61.5533V18.1502C61.5533 16.6514 60.334 15.432 58.8351 15.432H8.32978C6.83091 15.432 5.61159 16.6514 5.61159 18.1502V42C5.61159 42.7263 6.20041 43.3153 6.92688 43.3153C7.65319 43.3153 8.24217 42.7265 8.24217 42V18.1502C8.24217 18.1018 8.28138 18.0626 8.32978 18.0626H58.835C58.8834 18.0626 58.9226 18.1018 58.9226 18.1502V42.0003C58.9226 42.7266 59.5114 43.3156 60.2378 43.3156C60.9642 43.3156 61.5531 42.7268 61.5531 42.0003V40.5093H77.0684C77.0697 40.5093 77.0707 40.5096 77.0718 40.5096C77.0731 40.5096 77.0743 40.5095 77.0754 40.5095C78.9846 40.5108 80.6057 41.7639 81.1625 43.4907H77.0728C76.3465 43.4907 75.7575 44.0795 75.7575 44.806V47.6117C75.7575 49.8842 77.6062 51.7328 79.8786 51.7328H81.3693V57.5198H77.9302C76.8005 54.2578 73.6995 51.9081 70.0581 51.9081C66.4168 51.9081 63.3157 54.2578 62.1861 57.5198H61.5528V47.6116C61.5528 46.8853 60.964 46.2963 60.2375 46.2963C59.5112 46.2963 58.9222 46.8851 58.9222 47.6116V57.5195H31.634C30.5043 54.2574 27.4034 51.9077 23.762 51.9077C20.1206 51.9077 17.0195 54.2574 15.8899 57.5195H8.32978C8.28138 57.5195 8.24217 57.4803 8.24217 57.4319V54.5383H13.9415C14.6678 54.5383 15.2568 53.9495 15.2568 53.223C15.2568 52.4965 14.668 51.9077 13.9415 51.9077H1.31529C0.588984 51.9077 0 52.4965 0 53.223C0 53.9495 0.58882 54.5383 1.31529 54.5383H5.61176V57.4319C5.61176 58.9307 6.83107 60.1501 8.32995 60.1501H15.4345C15.4342 60.1793 15.4322 60.2083 15.4322 60.2377C15.4322 64.8308 19.1691 68.5674 23.762 68.5674C28.3549 68.5674 32.0918 64.8308 32.0918 60.2377C32.0918 60.2081 32.0898 60.1793 32.0895 60.1501H61.7307C61.7303 60.1793 61.7284 60.2083 61.7284 60.2377C61.7284 64.8308 65.4652 68.5674 70.0581 68.5674C74.6511 68.5674 78.3879 64.8308 78.3879 60.2377C78.3879 60.2081 78.386 60.1793 78.3856 60.1501H82.6846C83.4109 60.1501 83.9998 59.5612 83.9998 58.8348V44.8056C84 41.3419 81.4444 38.4641 78.1197 37.958ZM61.5533 23.6744H71.4614C73.0569 23.6744 74.3549 24.9724 74.3549 26.5679V26.6556H61.5533V23.6744ZM61.5533 37.8789V29.286H73.2403L75.3885 37.8789H61.5533ZM23.762 65.9374C20.6194 65.9374 18.0626 63.3808 18.0626 60.238C18.0626 57.0952 20.6194 54.5386 23.762 54.5386C26.9046 54.5386 29.4614 57.0952 29.4614 60.238C29.4614 63.3808 26.9046 65.9374 23.762 65.9374ZM70.0585 65.9374C66.9159 65.9374 64.3591 63.3808 64.3591 60.238C64.3591 57.0952 66.9159 54.5386 70.0585 54.5386C73.2011 54.5386 75.7578 57.0952 75.7578 60.238C75.7578 63.3808 73.2011 65.9374 70.0585 65.9374ZM81.3696 49.1023H79.8789C79.057 49.1023 78.3883 48.4335 78.3883 47.6116V46.1209H81.3694V49.1023H81.3696Z\" fill=\"black\"><\/path><path d=\"M23.762 57.5198C22.2631 57.5198 21.0438 58.7391 21.0438 60.238C21.0438 61.7369 22.2631 62.9562 23.762 62.9562C25.2609 62.9562 26.4802 61.7369 26.4802 60.238C26.4802 58.7391 25.2609 57.5198 23.762 57.5198Z\" fill=\"black\"><\/path><path d=\"M70.0585 57.5198C68.5596 57.5198 67.3403 58.7391 67.3403 60.238C67.3403 61.7369 68.5596 62.9562 70.0585 62.9562C71.5573 62.9562 72.7766 61.7369 72.7766 60.238C72.7766 58.7391 71.5573 57.5198 70.0585 57.5198Z\" fill=\"black\"><\/path><path d=\"M54.6262 51.9082H34.9853C34.259 51.9082 33.67 52.4971 33.67 53.2235C33.67 53.95 34.2589 54.5388 34.9853 54.5388H54.6262C55.3525 54.5388 55.9415 53.95 55.9415 53.2235C55.9415 52.4971 55.3527 51.9082 54.6262 51.9082Z\" fill=\"black\"><\/path><path d=\"M20.9562 46.2965H4.12108C3.39477 46.2965 2.80579 46.8853 2.80579 47.6118C2.80579 48.3382 3.39461 48.9271 4.12108 48.9271H20.9562C21.6825 48.9271 22.2715 48.3382 22.2715 47.6118C22.2715 46.8853 21.6825 46.2965 20.9562 46.2965Z\" fill=\"black\"><\/path><path d=\"M45.7359 28.4435C45.2224 27.93 44.3894 27.93 43.8759 28.4437L32.1796 40.1399L26.095 34.0553C25.5813 33.5416 24.7485 33.5416 24.235 34.0553C23.7213 34.569 23.7213 35.4016 24.235 35.9153L31.2496 42.9299C31.5064 43.1868 31.8431 43.3151 32.1796 43.3151C32.516 43.3151 32.8529 43.1868 33.1095 42.9299L45.7357 30.3037C46.2494 29.7898 46.2494 28.9572 45.7359 28.4435Z\" fill=\"black\"><\/path><\/svg>\t\t\t<\/div>\n\t\t<\/div>\n\t\t\t\t\t\t<\/div>\n\t\t\t\t<\/div>\n\t\t\t\t<div class=\"elementor-element elementor-element-2297f0a3 elementor-widget elementor-widget-heading\" data-id=\"2297f0a3\" data-element_type=\"widget\" data-widget_type=\"heading.default\">\n\t\t\t\t<div class=\"elementor-widget-container\">\n\t\t\t\t\t<h2 class=\"elementor-heading-title elementor-size-default\">Condiciones de prestaci\u00f3n de servicios de carga<\/h2>\t\t\t\t<\/div>\n\t\t\t\t<\/div>\n\t\t\t\t<div class=\"elementor-element elementor-element-1a9f4635 elementor-widget elementor-widget-text-editor\" data-id=\"1a9f4635\" data-element_type=\"widget\" data-widget_type=\"text-editor.default\">\n\t\t\t\t<div class=\"elementor-widget-container\">\n\t\t\t\t\t\t\t\t\t<p>Tarifas, Subcontrataciones, Responsabilidades<\/p>\t\t\t\t\t\t\t\t<\/div>\n\t\t\t\t<\/div>\n\t\t\t\t\t<\/div>\n\t\t\t\t<\/a>\n\t\t\t\t\t<\/div>\n\t\t\t\t<\/div>\n\t\t\t\t\t<\/div>\n\t\t\t\t<\/div>\n\t\t\t\t<\/div>\n\t\t","protected":false},"excerpt":{"rendered":"<p>T\u00e9rminos y Condiciones Comunicado Pol\u00edtica de Seguridad Para\u00a0ATLAPAC, nuestros clientes son lo m\u00e1s importante, por lo tanto estamos reforzando nuestras pol\u00edticas de seguridad en todos los niveles de nuestra operaci\u00f3n para que Ud. tenga la confianza que su carga est\u00e1 siendo manejada de la mejor manera. Pol\u00edtica de Seguridad Integral ATLAPAC ATLAPAC se compromete a [&hellip;]<\/p>\n","protected":false},"author":1,"featured_media":0,"parent":0,"menu_order":0,"comment_status":"closed","ping_status":"closed","template":"","meta":{"footnotes":""},"class_list":["post-299","page","type-page","status-publish","hentry"],"_links":{"self":[{"href":"https:\/\/grupotoa.website\/stuff\/atlapac\/wp-json\/wp\/v2\/pages\/299","targetHints":{"allow":["GET"]}}],"collection":[{"href":"https:\/\/grupotoa.website\/stuff\/atlapac\/wp-json\/wp\/v2\/pages"}],"about":[{"href":"https:\/\/grupotoa.website\/stuff\/atlapac\/wp-json\/wp\/v2\/types\/page"}],"author":[{"embeddable":true,"href":"https:\/\/grupotoa.website\/stuff\/atlapac\/wp-json\/wp\/v2\/users\/1"}],"replies":[{"embeddable":true,"href":"https:\/\/grupotoa.website\/stuff\/atlapac\/wp-json\/wp\/v2\/comments?post=299"}],"version-history":[{"count":13,"href":"https:\/\/grupotoa.website\/stuff\/atlapac\/wp-json\/wp\/v2\/pages\/299\/revisions"}],"predecessor-version":[{"id":343,"href":"https:\/\/grupotoa.website\/stuff\/atlapac\/wp-json\/wp\/v2\/pages\/299\/revisions\/343"}],"wp:attachment":[{"href":"https:\/\/grupotoa.website\/stuff\/atlapac\/wp-json\/wp\/v2\/media?parent=299"}],"curies":[{"name":"wp","href":"https:\/\/api.w.org\/{rel}","templated":true}]}}