{"id":1599,"date":"2025-09-18T23:39:27","date_gmt":"2025-09-18T21:39:27","guid":{"rendered":"https:\/\/grupotoa.website\/stuff\/legadodeamor\/?post_type=product&#038;p=1599"},"modified":"2025-09-18T23:39:35","modified_gmt":"2025-09-18T21:39:35","slug":"biberones-bpa-free-boca-ancha-5onz-flujo-lento","status":"publish","type":"product","link":"https:\/\/grupotoa.website\/stuff\/legadodeamor\/producto\/biberones-bpa-free-boca-ancha-5onz-flujo-lento\/","title":{"rendered":"Biberones BPA Free Boca Ancha 5onz Flujo Lento"},"content":{"rendered":"<div class=\"elementor-element elementor-element-5211b1c6 elementor-widget elementor-widget-heading\" data-id=\"5211b1c6\" data-element_type=\"widget\" data-widget_type=\"heading.default\">\n<div class=\"elementor-widget-container\">\n<h3 class=\"elementor-heading-title elementor-size-default\">Caracter\u00edsticas principales<\/h3>\n<\/div>\n<\/div>\n<div class=\"elementor-element elementor-element-7afa1721 elementor-widget elementor-widget-text-editor\" data-id=\"7afa1721\" data-element_type=\"widget\" data-widget_type=\"text-editor.default\">\n<div class=\"elementor-widget-container\">\n<ul>\n<li><strong>Precio:<\/strong>\u00a0Q130.00<\/li>\n<li><strong>Marca:<\/strong>\u00a0Lansinoh<\/li>\n<li><strong>Presentaci\u00f3n:<\/strong>\u00a0Fabricado en polipropileno libre de BPA\/BPS, garantizando la seguridad del beb\u00e9.<\/li>\n<li><strong>Edad recomendada:<\/strong>\u00a0Beb\u00e9s reci\u00e9n nacidos hasta los 0 a 3 meses de edad<\/li>\n<li>Biber\u00f3n libre de bisfenol A y S<\/li>\n<li>Tetina de silicona 100%<\/li>\n<\/ul>\n<\/div>\n<\/div>\n<div class=\"elementor-element elementor-element-44f4f6a1 elementor-widget elementor-widget-heading\" data-id=\"44f4f6a1\" data-element_type=\"widget\" data-widget_type=\"heading.default\">\n<div class=\"elementor-widget-container\">\n<h3 class=\"elementor-heading-title elementor-size-default\">Beneficios<\/h3>\n<\/div>\n<\/div>\n<div class=\"elementor-element elementor-element-147ad738 elementor-widget elementor-widget-text-editor\" data-id=\"147ad738\" data-element_type=\"widget\" data-widget_type=\"text-editor.default\">\n<div class=\"elementor-widget-container\">\n<ul>\n<li>TEl AVS\u00ae Air Ventilation System reduce la entrada de aire y con ello la aparici\u00f3n de gases y de los s\u00edntomas com\u00fanmente asociados a los c\u00f3licos en los beb\u00e9s.<\/li>\n<\/ul>\n<\/div>\n<\/div>\n<div class=\"elementor-element elementor-element-28ed5188 elementor-widget elementor-widget-heading\" data-id=\"28ed5188\" data-element_type=\"widget\" data-widget_type=\"heading.default\">\n<div class=\"elementor-widget-container\">\n<h3 class=\"elementor-heading-title elementor-size-default\">Instrucciones de uso y limpieza<\/h3>\n<\/div>\n<\/div>\n<div class=\"elementor-element elementor-element-53adea3e elementor-widget elementor-widget-text-editor\" data-id=\"53adea3e\" data-element_type=\"widget\" data-widget_type=\"text-editor.default\">\n<div class=\"elementor-widget-container\">\n<ul>\n<li>Simple y sencillo, f\u00e1cil de ensamblar y limpiar<\/li>\n<\/ul>\n<\/div>\n<\/div>\n","protected":false},"excerpt":{"rendered":"<p>Caracter\u00edsticas principales Precio:\u00a0Q130.00 Marca:\u00a0Lansinoh Presentaci\u00f3n:\u00a0Fabricado en polipropileno libre de BPA\/BPS, garantizando la seguridad del beb\u00e9. Edad recomendada:\u00a0Beb\u00e9s reci\u00e9n nacidos hasta los 0 a 3 meses de edad Biber\u00f3n libre de bisfenol A y S Tetina de silicona 100% Beneficios TEl AVS\u00ae Air Ventilation System reduce la entrada de aire y con ello la aparici\u00f3n de [&hellip;]<\/p>\n","protected":false},"featured_media":541,"comment_status":"open","ping_status":"closed","template":"","meta":[],"product_brand":[29],"product_cat":[27],"product_tag":[],"class_list":{"0":"post-1599","1":"product","2":"type-product","3":"status-publish","4":"has-post-thumbnail","6":"product_brand-lansinoh","7":"product_cat-biberones","9":"first","10":"instock","11":"shipping-taxable","12":"product-type-simple"},"_links":{"self":[{"href":"https:\/\/grupotoa.website\/stuff\/legadodeamor\/wp-json\/wp\/v2\/product\/1599","targetHints":{"allow":["GET"]}}],"collection":[{"href":"https:\/\/grupotoa.website\/stuff\/legadodeamor\/wp-json\/wp\/v2\/product"}],"about":[{"href":"https:\/\/grupotoa.website\/stuff\/legadodeamor\/wp-json\/wp\/v2\/types\/product"}],"replies":[{"embeddable":true,"href":"https:\/\/grupotoa.website\/stuff\/legadodeamor\/wp-json\/wp\/v2\/comments?post=1599"}],"wp:featuredmedia":[{"embeddable":true,"href":"https:\/\/grupotoa.website\/stuff\/legadodeamor\/wp-json\/wp\/v2\/media\/541"}],"wp:attachment":[{"href":"https:\/\/grupotoa.website\/stuff\/legadodeamor\/wp-json\/wp\/v2\/media?parent=1599"}],"wp:term":[{"taxonomy":"product_brand","embeddable":true,"href":"https:\/\/grupotoa.website\/stuff\/legadodeamor\/wp-json\/wp\/v2\/product_brand?post=1599"},{"taxonomy":"product_cat","embeddable":true,"href":"https:\/\/grupotoa.website\/stuff\/legadodeamor\/wp-json\/wp\/v2\/product_cat?post=1599"},{"taxonomy":"product_tag","embeddable":true,"href":"https:\/\/grupotoa.website\/stuff\/legadodeamor\/wp-json\/wp\/v2\/product_tag?post=1599"}],"curies":[{"name":"wp","href":"https:\/\/api.w.org\/{rel}","templated":true}]}}