{"id":1611,"date":"2025-09-18T23:49:04","date_gmt":"2025-09-18T21:49:04","guid":{"rendered":"https:\/\/grupotoa.website\/stuff\/legadodeamor\/?post_type=product&#038;p=1611"},"modified":"2025-09-18T23:49:24","modified_gmt":"2025-09-18T21:49:24","slug":"biberon-anti-colico-option-4-onzas","status":"publish","type":"product","link":"https:\/\/grupotoa.website\/stuff\/legadodeamor\/producto\/biberon-anti-colico-option-4-onzas\/","title":{"rendered":"Biber\u00f3n Anti C\u00f3lico Option +4 onzas"},"content":{"rendered":"<div class=\"elementor-element elementor-element-54845734 elementor-widget elementor-widget-heading\" data-id=\"54845734\" data-element_type=\"widget\" data-widget_type=\"heading.default\">\n<div class=\"elementor-widget-container\">\n<h3 class=\"elementor-heading-title elementor-size-default\">Caracter\u00edsticas principales<\/h3>\n<\/div>\n<\/div>\n<div class=\"elementor-element elementor-element-5fe7099a elementor-widget elementor-widget-text-editor\" data-id=\"5fe7099a\" data-element_type=\"widget\" data-widget_type=\"text-editor.default\">\n<div class=\"elementor-widget-container\">\n<ul>\n<li><strong>Precio:<\/strong>\u00a0Q70.00<\/li>\n<li><strong>Marca:<\/strong>\u00a0Dr. Browns<\/li>\n<li>Edad recomendada:\u00a00 meses o m\u00e1s.<\/li>\n<li><strong>Salida del Biber\u00f3n:<\/strong>\u00a0Lento<\/li>\n<li>Cuello delgado<\/li>\n<li>Reduce en gran medida la incidencia de dolor abdominal,v\u00f3mitos, gases y c\u00f3licos<\/li>\n<li>Una v\u00e1lvula de flujo interno evita la formaci\u00f3n de burbujas de aire en la leche materna u otro l\u00edquido<\/li>\n<li>Ayuda a mantener las vitaminas C, A, E debido a la baja oxidaci\u00f3n.<\/li>\n<\/ul>\n<\/div>\n<\/div>\n","protected":false},"excerpt":{"rendered":"<p>Caracter\u00edsticas principales Precio:\u00a0Q70.00 Marca:\u00a0Dr. Browns Edad recomendada:\u00a00 meses o m\u00e1s. Salida del Biber\u00f3n:\u00a0Lento Cuello delgado Reduce en gran medida la incidencia de dolor abdominal,v\u00f3mitos, gases y c\u00f3licos Una v\u00e1lvula de flujo interno evita la formaci\u00f3n de burbujas de aire en la leche materna u otro l\u00edquido Ayuda a mantener las vitaminas C, A, E debido [&hellip;]<\/p>\n","protected":false},"featured_media":602,"comment_status":"open","ping_status":"closed","template":"","meta":[],"product_brand":[31],"product_cat":[27],"product_tag":[],"class_list":{"0":"post-1611","1":"product","2":"type-product","3":"status-publish","4":"has-post-thumbnail","6":"product_brand-dr-browns","7":"product_cat-biberones","9":"first","10":"instock","11":"shipping-taxable","12":"product-type-simple"},"_links":{"self":[{"href":"https:\/\/grupotoa.website\/stuff\/legadodeamor\/wp-json\/wp\/v2\/product\/1611","targetHints":{"allow":["GET"]}}],"collection":[{"href":"https:\/\/grupotoa.website\/stuff\/legadodeamor\/wp-json\/wp\/v2\/product"}],"about":[{"href":"https:\/\/grupotoa.website\/stuff\/legadodeamor\/wp-json\/wp\/v2\/types\/product"}],"replies":[{"embeddable":true,"href":"https:\/\/grupotoa.website\/stuff\/legadodeamor\/wp-json\/wp\/v2\/comments?post=1611"}],"wp:featuredmedia":[{"embeddable":true,"href":"https:\/\/grupotoa.website\/stuff\/legadodeamor\/wp-json\/wp\/v2\/media\/602"}],"wp:attachment":[{"href":"https:\/\/grupotoa.website\/stuff\/legadodeamor\/wp-json\/wp\/v2\/media?parent=1611"}],"wp:term":[{"taxonomy":"product_brand","embeddable":true,"href":"https:\/\/grupotoa.website\/stuff\/legadodeamor\/wp-json\/wp\/v2\/product_brand?post=1611"},{"taxonomy":"product_cat","embeddable":true,"href":"https:\/\/grupotoa.website\/stuff\/legadodeamor\/wp-json\/wp\/v2\/product_cat?post=1611"},{"taxonomy":"product_tag","embeddable":true,"href":"https:\/\/grupotoa.website\/stuff\/legadodeamor\/wp-json\/wp\/v2\/product_tag?post=1611"}],"curies":[{"name":"wp","href":"https:\/\/api.w.org\/{rel}","templated":true}]}}