{"id":1664,"date":"2025-09-19T00:43:27","date_gmt":"2025-09-18T22:43:27","guid":{"rendered":"https:\/\/grupotoa.website\/stuff\/legadodeamor\/?post_type=product&#038;p=1664"},"modified":"2025-09-19T00:43:27","modified_gmt":"2025-09-18T22:43:27","slug":"100-bolsas-de-almacenamiento-para-leche-materna-drbrowns","status":"publish","type":"product","link":"https:\/\/grupotoa.website\/stuff\/legadodeamor\/producto\/100-bolsas-de-almacenamiento-para-leche-materna-drbrowns\/","title":{"rendered":"100 Bolsas de almacenamiento para leche materna DrBrown&#8217;s"},"content":{"rendered":"<div class=\"elementor-element elementor-element-5e03f931 elementor-widget elementor-widget-heading\" data-id=\"5e03f931\" data-element_type=\"widget\" data-widget_type=\"heading.default\">\n<div class=\"elementor-widget-container\">\n<h3 class=\"elementor-heading-title elementor-size-default\">Caracter\u00edsticas principales<\/h3>\n<\/div>\n<\/div>\n<div class=\"elementor-element elementor-element-639d461d elementor-widget elementor-widget-text-editor\" data-id=\"639d461d\" data-element_type=\"widget\" data-widget_type=\"text-editor.default\">\n<div class=\"elementor-widget-container\">\n<ul>\n<li><strong>Precio:<\/strong>\u00a0Q225.00<\/li>\n<li><strong>Marca: Dr.<\/strong>\u00a0Browns<\/li>\n<li><strong>Presentaci\u00f3n:<\/strong>\u00a0Fabricadas con pl\u00e1stico libre de BPA, garantizando que no haya sustancias t\u00f3xicas que puedan contaminar la leche.<\/li>\n<li>Cada bolsa tiene capacidad para almacenar hasta 6 oz (180 ml) de leche materna.<\/li>\n<li>Diseno funcional<\/li>\n<li>Preesterilizadas, listas para usar sin necesidad de esterilizaci\u00f3n adicional<\/li>\n<\/ul>\n<\/div>\n<\/div>\n<div class=\"elementor-element elementor-element-1c7951c7 elementor-widget elementor-widget-heading\" data-id=\"1c7951c7\" data-element_type=\"widget\" data-widget_type=\"heading.default\">\n<div class=\"elementor-widget-container\">\n<h3 class=\"elementor-heading-title elementor-size-default\">Beneficios<\/h3>\n<\/div>\n<\/div>\n<div class=\"elementor-element elementor-element-7571dc77 elementor-widget elementor-widget-text-editor\" data-id=\"7571dc77\" data-element_type=\"widget\" data-widget_type=\"text-editor.default\">\n<div class=\"elementor-widget-container\">\n<ul>\n<li>Conservaci\u00f3n segura de la leche materna<\/li>\n<li>Prevenci\u00f3n de derrames y fugas<\/li>\n<li>Compatible con m\u00faltiples tipos de biberones y extractores (especialmente los de la marca Dr. Brown\u2019s)<\/li>\n<\/ul>\n<\/div>\n<\/div>\n<div class=\"elementor-element elementor-element-4dbc7d7c elementor-widget elementor-widget-heading\" data-id=\"4dbc7d7c\" data-element_type=\"widget\" data-widget_type=\"heading.default\">\n<div class=\"elementor-widget-container\">\n<h3 class=\"elementor-heading-title elementor-size-default\">Instrucciones de uso y limpieza<\/h3>\n<\/div>\n<\/div>\n<div class=\"elementor-element elementor-element-13446d72 elementor-widget elementor-widget-text-editor\" data-id=\"13446d72\" data-element_type=\"widget\" data-widget_type=\"text-editor.default\">\n<div class=\"elementor-widget-container\">\n<ul>\n<li>No reutilizar las bolsas: est\u00e1n dise\u00f1adas para un solo uso por motivos de higiene y seguridad.<\/li>\n<\/ul>\n<\/div>\n<\/div>\n","protected":false},"excerpt":{"rendered":"<p>Caracter\u00edsticas principales Precio:\u00a0Q225.00 Marca: Dr.\u00a0Browns Presentaci\u00f3n:\u00a0Fabricadas con pl\u00e1stico libre de BPA, garantizando que no haya sustancias t\u00f3xicas que puedan contaminar la leche. Cada bolsa tiene capacidad para almacenar hasta 6 oz (180 ml) de leche materna. Diseno funcional Preesterilizadas, listas para usar sin necesidad de esterilizaci\u00f3n adicional Beneficios Conservaci\u00f3n segura de la leche materna Prevenci\u00f3n [&hellip;]<\/p>\n","protected":false},"featured_media":659,"comment_status":"open","ping_status":"closed","template":"","meta":[],"product_brand":[31],"product_cat":[34],"product_tag":[],"class_list":{"0":"post-1664","1":"product","2":"type-product","3":"status-publish","4":"has-post-thumbnail","6":"product_brand-dr-browns","7":"product_cat-bolsas-para-leche-materna","9":"first","10":"instock","11":"shipping-taxable","12":"product-type-simple"},"_links":{"self":[{"href":"https:\/\/grupotoa.website\/stuff\/legadodeamor\/wp-json\/wp\/v2\/product\/1664","targetHints":{"allow":["GET"]}}],"collection":[{"href":"https:\/\/grupotoa.website\/stuff\/legadodeamor\/wp-json\/wp\/v2\/product"}],"about":[{"href":"https:\/\/grupotoa.website\/stuff\/legadodeamor\/wp-json\/wp\/v2\/types\/product"}],"replies":[{"embeddable":true,"href":"https:\/\/grupotoa.website\/stuff\/legadodeamor\/wp-json\/wp\/v2\/comments?post=1664"}],"wp:featuredmedia":[{"embeddable":true,"href":"https:\/\/grupotoa.website\/stuff\/legadodeamor\/wp-json\/wp\/v2\/media\/659"}],"wp:attachment":[{"href":"https:\/\/grupotoa.website\/stuff\/legadodeamor\/wp-json\/wp\/v2\/media?parent=1664"}],"wp:term":[{"taxonomy":"product_brand","embeddable":true,"href":"https:\/\/grupotoa.website\/stuff\/legadodeamor\/wp-json\/wp\/v2\/product_brand?post=1664"},{"taxonomy":"product_cat","embeddable":true,"href":"https:\/\/grupotoa.website\/stuff\/legadodeamor\/wp-json\/wp\/v2\/product_cat?post=1664"},{"taxonomy":"product_tag","embeddable":true,"href":"https:\/\/grupotoa.website\/stuff\/legadodeamor\/wp-json\/wp\/v2\/product_tag?post=1664"}],"curies":[{"name":"wp","href":"https:\/\/api.w.org\/{rel}","templated":true}]}}