{"id":1691,"date":"2025-09-19T01:15:15","date_gmt":"2025-09-18T23:15:15","guid":{"rendered":"https:\/\/grupotoa.website\/stuff\/legadodeamor\/?post_type=product&#038;p=1691"},"modified":"2025-09-19T01:15:15","modified_gmt":"2025-09-18T23:15:15","slug":"esterilizador-electrico-philips-avent","status":"publish","type":"product","link":"https:\/\/grupotoa.website\/stuff\/legadodeamor\/producto\/esterilizador-electrico-philips-avent\/","title":{"rendered":"Esterilizador Electrico Philips Avent"},"content":{"rendered":"<div class=\"elementor-element elementor-element-284de1ef elementor-widget elementor-widget-heading\" data-id=\"284de1ef\" data-element_type=\"widget\" data-widget_type=\"heading.default\">\n<div class=\"elementor-widget-container\">\n<h3 class=\"elementor-heading-title elementor-size-default\">Caracter\u00edsticas principales<\/h3>\n<\/div>\n<\/div>\n<div class=\"elementor-element elementor-element-8b5cb2f elementor-widget elementor-widget-text-editor\" data-id=\"8b5cb2f\" data-element_type=\"widget\" data-widget_type=\"text-editor.default\">\n<div class=\"elementor-widget-container\">\n<ul>\n<li><strong>Precio:<\/strong>\u00a0Q975.00<\/li>\n<li><strong>Marca:<\/strong>\u00a0Philips Avent<\/li>\n<li><strong>Presentaci\u00f3n:<\/strong>\u00a0Dise\u00f1ado para esterilizar, secar y almacenar biberones y accesorios del beb\u00e9 de manera eficiente y segura.<\/li>\n<li>Esterilizaci\u00f3n r\u00e1pida y eficaz<\/li>\n<li>Elimina hasta el 99.9% de bacterias<\/li>\n<li>Esteriliza y seca en solo 40 minutos.<\/li>\n<\/ul>\n<\/div>\n<\/div>\n<div class=\"elementor-element elementor-element-21a41245 elementor-widget elementor-widget-heading\" data-id=\"21a41245\" data-element_type=\"widget\" data-widget_type=\"heading.default\">\n<div class=\"elementor-widget-container\">\n<h3 class=\"elementor-heading-title elementor-size-default\">Beneficios<\/h3>\n<\/div>\n<\/div>\n<div class=\"elementor-element elementor-element-1adc121b elementor-widget elementor-widget-text-editor\" data-id=\"1adc121b\" data-element_type=\"widget\" data-widget_type=\"text-editor.default\">\n<div class=\"elementor-widget-container\">\n<ul>\n<li>Esteriliza y seca en solo 40 minutos.<\/li>\n<li>Mantiene los art\u00edculos esterilizados por 24 horas.<\/li>\n<li>Seguro y sin BPA.<\/li>\n<\/ul>\n<\/div>\n<\/div>\n<div class=\"elementor-element elementor-element-10b99fe5 elementor-widget elementor-widget-heading\" data-id=\"10b99fe5\" data-element_type=\"widget\" data-widget_type=\"heading.default\">\n<div class=\"elementor-widget-container\">\n<h3 class=\"elementor-heading-title elementor-size-default\">Instrucciones de uso y limpieza<\/h3>\n<\/div>\n<\/div>\n<div class=\"elementor-element elementor-element-3ec05715 elementor-widget elementor-widget-text-editor\" data-id=\"3ec05715\" data-element_type=\"widget\" data-widget_type=\"text-editor.default\">\n<div class=\"elementor-widget-container\">\n<ul>\n<li>Limpieza regular y del filtro, hacerlo de manera adecuada.<\/li>\n<\/ul>\n<\/div>\n<\/div>\n","protected":false},"excerpt":{"rendered":"<p>Caracter\u00edsticas principales Precio:\u00a0Q975.00 Marca:\u00a0Philips Avent Presentaci\u00f3n:\u00a0Dise\u00f1ado para esterilizar, secar y almacenar biberones y accesorios del beb\u00e9 de manera eficiente y segura. Esterilizaci\u00f3n r\u00e1pida y eficaz Elimina hasta el 99.9% de bacterias Esteriliza y seca en solo 40 minutos. Beneficios Esteriliza y seca en solo 40 minutos. Mantiene los art\u00edculos esterilizados por 24 horas. Seguro y [&hellip;]<\/p>\n","protected":false},"featured_media":812,"comment_status":"open","ping_status":"closed","template":"","meta":[],"product_brand":[30],"product_cat":[36],"product_tag":[],"class_list":{"0":"post-1691","1":"product","2":"type-product","3":"status-publish","4":"has-post-thumbnail","6":"product_brand-philips","7":"product_cat-extractores-y-esterilizadores","9":"first","10":"instock","11":"shipping-taxable","12":"product-type-simple"},"_links":{"self":[{"href":"https:\/\/grupotoa.website\/stuff\/legadodeamor\/wp-json\/wp\/v2\/product\/1691","targetHints":{"allow":["GET"]}}],"collection":[{"href":"https:\/\/grupotoa.website\/stuff\/legadodeamor\/wp-json\/wp\/v2\/product"}],"about":[{"href":"https:\/\/grupotoa.website\/stuff\/legadodeamor\/wp-json\/wp\/v2\/types\/product"}],"replies":[{"embeddable":true,"href":"https:\/\/grupotoa.website\/stuff\/legadodeamor\/wp-json\/wp\/v2\/comments?post=1691"}],"wp:featuredmedia":[{"embeddable":true,"href":"https:\/\/grupotoa.website\/stuff\/legadodeamor\/wp-json\/wp\/v2\/media\/812"}],"wp:attachment":[{"href":"https:\/\/grupotoa.website\/stuff\/legadodeamor\/wp-json\/wp\/v2\/media?parent=1691"}],"wp:term":[{"taxonomy":"product_brand","embeddable":true,"href":"https:\/\/grupotoa.website\/stuff\/legadodeamor\/wp-json\/wp\/v2\/product_brand?post=1691"},{"taxonomy":"product_cat","embeddable":true,"href":"https:\/\/grupotoa.website\/stuff\/legadodeamor\/wp-json\/wp\/v2\/product_cat?post=1691"},{"taxonomy":"product_tag","embeddable":true,"href":"https:\/\/grupotoa.website\/stuff\/legadodeamor\/wp-json\/wp\/v2\/product_tag?post=1691"}],"curies":[{"name":"wp","href":"https:\/\/api.w.org\/{rel}","templated":true}]}}