{"id":1700,"date":"2025-09-19T01:22:37","date_gmt":"2025-09-18T23:22:37","guid":{"rendered":"https:\/\/grupotoa.website\/stuff\/legadodeamor\/?post_type=product&#038;p=1700"},"modified":"2025-09-19T01:22:37","modified_gmt":"2025-09-18T23:22:37","slug":"botella-de-lavado-postparto","status":"publish","type":"product","link":"https:\/\/grupotoa.website\/stuff\/legadodeamor\/producto\/botella-de-lavado-postparto\/","title":{"rendered":"Botella de Lavado postparto"},"content":{"rendered":"<div class=\"elementor-element elementor-element-18148af7 elementor-widget elementor-widget-heading\" data-id=\"18148af7\" data-element_type=\"widget\" data-widget_type=\"heading.default\">\n<div class=\"elementor-widget-container\">\n<h3 class=\"elementor-heading-title elementor-size-default\">Caracter\u00edsticas principales<\/h3>\n<\/div>\n<\/div>\n<div class=\"elementor-element elementor-element-54e0d70d elementor-widget elementor-widget-text-editor\" data-id=\"54e0d70d\" data-element_type=\"widget\" data-widget_type=\"text-editor.default\">\n<div class=\"elementor-widget-container\">\n<ul>\n<li><b>Precio<\/b><b>:<\/b>\u00a0Q210.00<\/li>\n<li><strong>Marca:<\/strong>\u00a0Lansinoh<\/li>\n<li><strong>Presentaci\u00f3n:<\/strong>\u00a0Accesorio dise\u00f1ado para facilitar la higiene \u00edntima femenina tras el parto, ofreciendo comodidad y alivio en \u00e1reas sensibles.<\/li>\n<li>Dise\u00f1o ergon\u00f3mico.<\/li>\n<li>Capacidad adecuada.<\/li>\n<li>La botella proporciona un flujo continuo y suave al apretarla, ayudando a limpiar con delicadeza sin causar molestias en zonas sensibles.<\/li>\n<\/ul>\n<\/div>\n<\/div>\n<div class=\"elementor-element elementor-element-6c79e5b8 elementor-widget elementor-widget-heading\" data-id=\"6c79e5b8\" data-element_type=\"widget\" data-widget_type=\"heading.default\">\n<div class=\"elementor-widget-container\">\n<h3 class=\"elementor-heading-title elementor-size-default\">Beneficios<\/h3>\n<\/div>\n<\/div>\n<div class=\"elementor-element elementor-element-55e27472 elementor-widget elementor-widget-text-editor\" data-id=\"55e27472\" data-element_type=\"widget\" data-widget_type=\"text-editor.default\">\n<div class=\"elementor-widget-container\">\n<ul>\n<li>Port\u00e1til y discreta.<\/li>\n<li>F\u00e1cil de usar.<\/li>\n<li>F\u00e1cil limpieza.<\/li>\n<\/ul>\n<\/div>\n<\/div>\n<div class=\"elementor-element elementor-element-7aaac27a elementor-widget elementor-widget-heading\" data-id=\"7aaac27a\" data-element_type=\"widget\" data-widget_type=\"heading.default\">\n<div class=\"elementor-widget-container\">\n<h3 class=\"elementor-heading-title elementor-size-default\">Instrucciones de uso y limpieza<\/h3>\n<\/div>\n<\/div>\n<div class=\"elementor-element elementor-element-26bf28fe elementor-widget elementor-widget-text-editor\" data-id=\"26bf28fe\" data-element_type=\"widget\" data-widget_type=\"text-editor.default\">\n<div class=\"elementor-widget-container\">\n<ul>\n<li>Despues de cada uso vacie la botella completamente,enjuaga con agua y jabon .<\/li>\n<li>Lleva la botella en su bolsa impermeable incluida cuando salgas de casa.<\/li>\n<\/ul>\n<\/div>\n<\/div>\n","protected":false},"excerpt":{"rendered":"<p>Caracter\u00edsticas principales Precio:\u00a0Q210.00 Marca:\u00a0Lansinoh Presentaci\u00f3n:\u00a0Accesorio dise\u00f1ado para facilitar la higiene \u00edntima femenina tras el parto, ofreciendo comodidad y alivio en \u00e1reas sensibles. Dise\u00f1o ergon\u00f3mico. Capacidad adecuada. La botella proporciona un flujo continuo y suave al apretarla, ayudando a limpiar con delicadeza sin causar molestias en zonas sensibles. Beneficios Port\u00e1til y discreta. F\u00e1cil de usar. F\u00e1cil [&hellip;]<\/p>\n","protected":false},"featured_media":869,"comment_status":"open","ping_status":"closed","template":"","meta":[],"product_brand":[29],"product_cat":[39],"product_tag":[],"class_list":{"0":"post-1700","1":"product","2":"type-product","3":"status-publish","4":"has-post-thumbnail","6":"product_brand-lansinoh","7":"product_cat-accesorios-para-bebe","9":"first","10":"instock","11":"shipping-taxable","12":"product-type-simple"},"_links":{"self":[{"href":"https:\/\/grupotoa.website\/stuff\/legadodeamor\/wp-json\/wp\/v2\/product\/1700","targetHints":{"allow":["GET"]}}],"collection":[{"href":"https:\/\/grupotoa.website\/stuff\/legadodeamor\/wp-json\/wp\/v2\/product"}],"about":[{"href":"https:\/\/grupotoa.website\/stuff\/legadodeamor\/wp-json\/wp\/v2\/types\/product"}],"replies":[{"embeddable":true,"href":"https:\/\/grupotoa.website\/stuff\/legadodeamor\/wp-json\/wp\/v2\/comments?post=1700"}],"wp:featuredmedia":[{"embeddable":true,"href":"https:\/\/grupotoa.website\/stuff\/legadodeamor\/wp-json\/wp\/v2\/media\/869"}],"wp:attachment":[{"href":"https:\/\/grupotoa.website\/stuff\/legadodeamor\/wp-json\/wp\/v2\/media?parent=1700"}],"wp:term":[{"taxonomy":"product_brand","embeddable":true,"href":"https:\/\/grupotoa.website\/stuff\/legadodeamor\/wp-json\/wp\/v2\/product_brand?post=1700"},{"taxonomy":"product_cat","embeddable":true,"href":"https:\/\/grupotoa.website\/stuff\/legadodeamor\/wp-json\/wp\/v2\/product_cat?post=1700"},{"taxonomy":"product_tag","embeddable":true,"href":"https:\/\/grupotoa.website\/stuff\/legadodeamor\/wp-json\/wp\/v2\/product_tag?post=1700"}],"curies":[{"name":"wp","href":"https:\/\/api.w.org\/{rel}","templated":true}]}}